{"id":153,"date":"2014-09-16T14:10:12","date_gmt":"2014-09-16T12:10:12","guid":{"rendered":"http:\/\/www.csaexemerson.it\/?page_id=153"},"modified":"2024-07-05T00:23:51","modified_gmt":"2024-07-04T22:23:51","slug":"biblioteca","status":"publish","type":"page","link":"https:\/\/csaexemerson.org\/index.php\/biblioteca\/","title":{"rendered":"Biblioteca"},"content":{"rendered":"\n<div class=\"wp-block-uagb-advanced-heading uagb-block-3f757f6a\"><h1 class=\"uagb-heading-text\">BIBLIOTECA<\/h1><\/div>\n\n\n\n<p>&gt;&gt;&gt; <em><strong>La biblioteca rimarr\u00e0 chiusa fino al 14 settembre compreso. Riaprir\u00e0 il 21 settembre con i soliti orari <\/strong><\/em> &lt;&lt;&lt;<\/p>\n\n\n\n<p>Come CSA abbiamo un notevole patrimonio librario. Oltre 3000 volumi, tra cui esemplari dei primi del &#8216;900, edizioni di libri rarissimi,&nbsp; volumi con gli autografi degli autori.&nbsp; <br>Le biblioteche come la nostra sono &#8220;riserve contro un inverno dello spirito&#8221; (M. Yourcenar); per\u00f2 noi intendiamo la nostra biblioteca anche come un luogo per incontrarsi e conoscersi (perch\u00e9 c&#8217;\u00e8 sempre bisogno di incontrarsi in maniera diversa). E per confrontarsi&nbsp; sulle dinamiche politiche, e sociali, che possono essere anche un occasione per lo&nbsp; studio dei testi sul Marxismo, Anarchismo, Popoli, Movimenti, etc. Inoltre cerchiamo di essere anche un luogo per conferenze e presentazioni di libri.<\/p>\n\n\n\n<p class=\"has-text-align-left\">Lavorare insieme all&#8217;autogestione della biblioteca significa molte cose; come occuparsi di finire di catalogare i libri, organizzare il prestito, continuare ad aggiornare&nbsp; online il catalogo (lo trovate qui sotto) cos\u00ec da agevolare la ricerca; e per progettare e realizzare la condivisione e lo scambio di libri in formato digitale. Inoltre molti volumi necessitano di interventi di &#8220;conservazione&#8221;, rilegature da ricucire etc., un lavoro che si puo&#8217; imparare a fare insieme.<\/p>\n\n\n\n<p>La biblioteca ha anche una vasta gamma di libri in distribuzione, con i volumi editi da case editrici &#8220;di movimento&#8221;&nbsp; (ad es. Fiaccola, Nautilus, Derive Approdi, Red Star, Bepress, Nova Delphi&#8230;.) che troverete in un banchino ogni qual volta che c&#8217;\u00e8 un evento al NextEmerson, e che pu\u00f2 essere aperto su richiesta negli orari di apertura della biblioteca.&nbsp; Lo scopo della distribuzione \u00e8 quello di far circolare dei libri che difficilmente trovano posto nelle grandi librerie. Il ricavato viene impiegato per l&#8217;acquisto di nuovi libri.<br>Se avete altre case editrici da farci conoscere ne saremo ben lieti.<\/p>\n\n\n\n<p>Stiamo cercando di continuare ad essere &#8220;aperti al pubblico&#8221; anche in questi tempi di epidemie; \u00e8 sufficiente rispettare alcune semplici precauzioni. Gli annunci sull&#8217;apertura o la chiusura al pubblico della biblioteca li &#8220;postiamo&#8221; sulla pagina FB della biblioteca; in caso di dubbi scriveteci all&#8217;indirizzo e-mail che trovate in fondo.<br>&#8230;Insomma vi aspettiamo!<br>e-mail: <strong>biblioteca-nextemerson(at)inventati.org<\/strong><\/p>\n\n\n\n<div class=\"wp-block-uagb-advanced-heading uagb-block-1f1a2b17\"><h2 class=\"uagb-heading-text\"><a href=\"https:\/\/www.piattaformatestbiblio.it\/indicebiblioteca.html\">Cerca un libro nel catalogo<\/a><\/h2><\/div>\n\n\n\n<div class=\"wp-block-uagb-advanced-heading uagb-block-fd9a4099\"><h2 class=\"uagb-heading-text\">Cataloghi<\/h2><\/div>\n\n\n\n<p>(<em>Da aprire con LibreOffice <\/em>)<\/p>\n\n\n\n<p><a href=\"https:\/\/new.csaexemerson.org\/wp-content\/uploads\/2021\/03\/CatalogoSaggistica02032021.ods\">CatalogoSaggistica02032021<\/a><br><a href=\"https:\/\/new.csaexemerson.org\/wp-content\/uploads\/2021\/02\/Catalogo-narrativa09022021.ods\">Catalogo-narrativa09022021<\/a><br><a href=\"https:\/\/new.csaexemerson.org\/wp-content\/uploads\/2020\/01\/Cinema-Musica-Teatro-Poesia07012020-1.ods\">Cinema Musica Teatro Poesia 07\/0\/2\/020<\/a><br><a href=\"https:\/\/new.csaexemerson.org\/wp-content\/uploads\/2020\/06\/Catalogo-fantascienza-fantasy-horror09062020.ods\">Catalogo fantascienza fantasy horror 09\/06\/2020<\/a><br><a href=\"https:\/\/new.csaexemerson.org\/wp-content\/uploads\/2020\/02\/linguestraniere18022020.ods\">Lingue straniere 18\/02\/2020<\/a><\/p>\n\n\n\n<div class=\"wp-block-uagb-advanced-heading uagb-block-b55173fa\"><h2 class=\"uagb-heading-text\">Orari di apertura<\/h2><\/div>\n\n\n\n<figure class=\"wp-block-table is-style-regular\"><table class=\"has-ast-global-color-8-color has-text-color has-background\" style=\"background-color:#fae705\"><tbody><tr><td><strong>Biblioteca<\/strong><\/td><td>Sabato<br>17.00\/19.00<\/td><\/tr><tr><td><strong>Infoshop<\/strong><\/td><td>Durante le serate e gli eventi<\/td><\/tr><\/tbody><\/table><\/figure>\n\n\n\n<div class=\"wp-block-uagb-advanced-heading uagb-block-1c49f7a9\"><h2 class=\"uagb-heading-text\">Prossime presentazioni di libri<\/h2><\/div>\n\n\n\n\t\t\t<div class=\"wp-block-uagb-post-grid uagb-post-grid  uagb-post__image-position-top uagb-post__image-enabled uagb-block-f4f07777     uagb-post__items uagb-post__columns-3 is-grid uagb-post__columns-tablet-2 uagb-post__columns-mobile-1 uagb-post__equal-height\" data-total=\"1\" style=\"\">\n\n\t\t\t\t\t\t\t\t\t\t\t\t<article class=\"uagb-post__inner-wrap\">\t\t\t\t\t\t\t\t<div class='uagb-post__image'>\n\t\t\t\t\t\t\t\t\t<a href=\"https:\/\/csaexemerson.org\/index.php\/2023\/06\/14\/merc-21-giugno-un-capitolo-che-manca-villa-panico\/\" target=\"_self\" rel=\"bookmark noopener noreferrer\" class='uagb-image-ratio-inherit'><img loading=\"lazy\" decoding=\"async\" width=\"1396\" height=\"810\" src=\"https:\/\/csaexemerson.org\/wp-content\/uploads\/2023\/06\/21giugno.jpg\" class=\"attachment-full size-full\" alt=\"\" srcset=\"https:\/\/csaexemerson.org\/wp-content\/uploads\/2023\/06\/21giugno.jpg 1396w, https:\/\/csaexemerson.org\/wp-content\/uploads\/2023\/06\/21giugno-300x174.jpg 300w, https:\/\/csaexemerson.org\/wp-content\/uploads\/2023\/06\/21giugno-1024x594.jpg 1024w, https:\/\/csaexemerson.org\/wp-content\/uploads\/2023\/06\/21giugno-768x446.jpg 768w\" sizes=\"auto, (max-width: 1396px) 100vw, 1396px\" \/>\t\t\t\t\t<\/a>\n\t\t\t\t\t\t\t<\/div>\n\t\t\t\t\t\t<h4 class=\"uagb-post__title uagb-post__text\">\n\t\t\t\t<a href=\"https:\/\/csaexemerson.org\/index.php\/2023\/06\/14\/merc-21-giugno-un-capitolo-che-manca-villa-panico\/\" target=\"_self\" rel=\"bookmark noopener noreferrer\">Merc 21 giugno &#8211; Un capitolo che manca + Villa Panico<\/a>\n\t\t\t<\/h4>\n\t\t\t\t\t\t<div class='uagb-post__text uagb-post-grid-byline'>\n\t\t\t\t\t\t\t\t<time datetime=\"2023-06-14T12:36:42+02:00\" class=\"uagb-post__date\">\n\t\t\t\t<span class=\"dashicons-calendar dashicons\"><\/span>\t\t\t\t\tGiugno 14, 2023\t\t\t\t<\/time>\n\t\t\t\t\t\t<\/div>\n\t\t\t\t\t\t\t<div class='uagb-post__text uagb-post__excerpt'>\n\t\t\t\t\t<p>Mercoledi&#8217; 21 giugno Inaugurazione del NextEmerson Garden 2023! h 19 &#8211; Aperitivo \/ cena h&#8230;\t\t\t\t<\/div>\n\t\t\t\t\t\t<div class=\"uagb-post__text uagb-post__cta wp-block-button\">\n\t\t\t\t<a class=\"wp-block-button__link uagb-text-link\" style=\"\" href=\"https:\/\/csaexemerson.org\/index.php\/2023\/06\/14\/merc-21-giugno-un-capitolo-che-manca-villa-panico\/\" target=\"_self\" rel=\"bookmark noopener noreferrer\">DETTAGLI<\/a>\n\t\t\t<\/div>\n\t\t\t\n\t\t\t\t\t\t\t\t\t<\/article>\n\t\t\t\t\t\t\t\t\t\t\t\t\t\t\t\t<article class=\"uagb-post__inner-wrap\">\t\t\t\t\t\t\t\t<div class='uagb-post__image'>\n\t\t\t\t\t\t\t\t\t<a href=\"https:\/\/csaexemerson.org\/index.php\/2023\/06\/06\/ven-9-giugno-valerio-evangelisti-e-linsurrezione-immaginaria\/\" target=\"_self\" rel=\"bookmark noopener noreferrer\" class='uagb-image-ratio-inherit'><img loading=\"lazy\" decoding=\"async\" width=\"1200\" height=\"628\" src=\"https:\/\/csaexemerson.org\/wp-content\/uploads\/2023\/06\/evangelisti.jpg\" class=\"attachment-full size-full\" alt=\"\" srcset=\"https:\/\/csaexemerson.org\/wp-content\/uploads\/2023\/06\/evangelisti.jpg 1200w, https:\/\/csaexemerson.org\/wp-content\/uploads\/2023\/06\/evangelisti-300x157.jpg 300w, https:\/\/csaexemerson.org\/wp-content\/uploads\/2023\/06\/evangelisti-1024x536.jpg 1024w, https:\/\/csaexemerson.org\/wp-content\/uploads\/2023\/06\/evangelisti-768x402.jpg 768w\" sizes=\"auto, (max-width: 1200px) 100vw, 1200px\" \/>\t\t\t\t\t<\/a>\n\t\t\t\t\t\t\t<\/div>\n\t\t\t\t\t\t<h4 class=\"uagb-post__title uagb-post__text\">\n\t\t\t\t<a href=\"https:\/\/csaexemerson.org\/index.php\/2023\/06\/06\/ven-9-giugno-valerio-evangelisti-e-linsurrezione-immaginaria\/\" target=\"_self\" rel=\"bookmark noopener noreferrer\">Ven 9 giugno &#8211; Valerio Evangelisti e l&#8217;insurrezione immaginaria<\/a>\n\t\t\t<\/h4>\n\t\t\t\t\t\t<div class='uagb-post__text uagb-post-grid-byline'>\n\t\t\t\t\t\t\t\t<time datetime=\"2023-06-06T11:37:41+02:00\" class=\"uagb-post__date\">\n\t\t\t\t<span class=\"dashicons-calendar dashicons\"><\/span>\t\t\t\t\tGiugno 6, 2023\t\t\t\t<\/time>\n\t\t\t\t\t\t<\/div>\n\t\t\t\t\t\t\t<div class='uagb-post__text uagb-post__excerpt'>\n\t\t\t\t\t<p>Alle 18.30Con: &#8211; Walter Catalano (docente e redattore di Carmilla online)- Domenico Gallo (scrittore)- Silvia&#8230;\t\t\t\t<\/div>\n\t\t\t\t\t\t<div class=\"uagb-post__text uagb-post__cta wp-block-button\">\n\t\t\t\t<a class=\"wp-block-button__link uagb-text-link\" style=\"\" href=\"https:\/\/csaexemerson.org\/index.php\/2023\/06\/06\/ven-9-giugno-valerio-evangelisti-e-linsurrezione-immaginaria\/\" target=\"_self\" rel=\"bookmark noopener noreferrer\">DETTAGLI<\/a>\n\t\t\t<\/div>\n\t\t\t\n\t\t\t\t\t\t\t\t\t<\/article>\n\t\t\t\t\t\t\t\t\t\t\t\t\t\t\t\t<article class=\"uagb-post__inner-wrap\">\t\t\t\t\t\t\t\t<div class='uagb-post__image'>\n\t\t\t\t\t\t\t\t\t<a href=\"https:\/\/csaexemerson.org\/index.php\/2023\/02\/27\/dom-5-marzo-la-storia-infinita-lurban-center-di-novoli\/\" target=\"_self\" rel=\"bookmark noopener noreferrer\" class='uagb-image-ratio-inherit'><img loading=\"lazy\" decoding=\"async\" width=\"424\" height=\"604\" src=\"https:\/\/csaexemerson.org\/wp-content\/uploads\/2023\/03\/bf0367ff6001689f425091eb356e0ec0.jpg\" class=\"attachment-full size-full\" alt=\"\" srcset=\"https:\/\/csaexemerson.org\/wp-content\/uploads\/2023\/03\/bf0367ff6001689f425091eb356e0ec0.jpg 424w, https:\/\/csaexemerson.org\/wp-content\/uploads\/2023\/03\/bf0367ff6001689f425091eb356e0ec0-211x300.jpg 211w\" sizes=\"auto, (max-width: 424px) 100vw, 424px\" \/>\t\t\t\t\t<\/a>\n\t\t\t\t\t\t\t<\/div>\n\t\t\t\t\t\t<h4 class=\"uagb-post__title uagb-post__text\">\n\t\t\t\t<a href=\"https:\/\/csaexemerson.org\/index.php\/2023\/02\/27\/dom-5-marzo-la-storia-infinita-lurban-center-di-novoli\/\" target=\"_self\" rel=\"bookmark noopener noreferrer\">Dom 5 marzo &#8211; La storia infinita. L&#8217;Urban Center di Novoli<\/a>\n\t\t\t<\/h4>\n\t\t\t\t\t\t<div class='uagb-post__text uagb-post-grid-byline'>\n\t\t\t\t\t\t\t\t<time datetime=\"2023-02-27T12:37:13+01:00\" class=\"uagb-post__date\">\n\t\t\t\t<span class=\"dashicons-calendar dashicons\"><\/span>\t\t\t\t\tFebbraio 27, 2023\t\t\t\t<\/time>\n\t\t\t\t\t\t<\/div>\n\t\t\t\t\t\t\t<div class='uagb-post__text uagb-post__excerpt'>\n\t\t\t\t\t<p>alle 16.00 Presentazione di &#8220;La storia infinita. L&#8217;Urban Center di Novoli&#8221; Con la partecipazione dell&#8217;autore&#8230;\t\t\t\t<\/div>\n\t\t\t\t\t\t<div class=\"uagb-post__text uagb-post__cta wp-block-button\">\n\t\t\t\t<a class=\"wp-block-button__link uagb-text-link\" style=\"\" href=\"https:\/\/csaexemerson.org\/index.php\/2023\/02\/27\/dom-5-marzo-la-storia-infinita-lurban-center-di-novoli\/\" target=\"_self\" rel=\"bookmark noopener noreferrer\">DETTAGLI<\/a>\n\t\t\t<\/div>\n\t\t\t\n\t\t\t\t\t\t\t\t\t<\/article>\n\t\t\t\t\t\t\t\t\t\t\t\t\t\t\t\t<article class=\"uagb-post__inner-wrap\">\t\t\t\t\t\t\t\t<div class='uagb-post__image'>\n\t\t\t\t\t\t\t\t\t<a href=\"https:\/\/csaexemerson.org\/index.php\/2023\/01\/10\/sab-14-gen-cadono-tutti-i-re-del-mondo-night\/\" target=\"_self\" rel=\"bookmark noopener noreferrer\" class='uagb-image-ratio-inherit'><img loading=\"lazy\" decoding=\"async\" width=\"400\" height=\"267\" src=\"https:\/\/csaexemerson.org\/wp-content\/uploads\/2023\/01\/731278e51d2bf1a796db51fb6b24b54c.jpg\" class=\"attachment-full size-full\" alt=\"\" srcset=\"https:\/\/csaexemerson.org\/wp-content\/uploads\/2023\/01\/731278e51d2bf1a796db51fb6b24b54c.jpg 400w, https:\/\/csaexemerson.org\/wp-content\/uploads\/2023\/01\/731278e51d2bf1a796db51fb6b24b54c-300x200.jpg 300w\" sizes=\"auto, (max-width: 400px) 100vw, 400px\" \/>\t\t\t\t\t<\/a>\n\t\t\t\t\t\t\t<\/div>\n\t\t\t\t\t\t<h4 class=\"uagb-post__title uagb-post__text\">\n\t\t\t\t<a href=\"https:\/\/csaexemerson.org\/index.php\/2023\/01\/10\/sab-14-gen-cadono-tutti-i-re-del-mondo-night\/\" target=\"_self\" rel=\"bookmark noopener noreferrer\">Sab 14 gen: cena messicana + presentazione del libro &#8220;cadono tutti i re del mondo&#8221;<\/a>\n\t\t\t<\/h4>\n\t\t\t\t\t\t<div class='uagb-post__text uagb-post-grid-byline'>\n\t\t\t\t\t\t\t\t<time datetime=\"2023-01-10T12:42:37+01:00\" class=\"uagb-post__date\">\n\t\t\t\t<span class=\"dashicons-calendar dashicons\"><\/span>\t\t\t\t\tGennaio 10, 2023\t\t\t\t<\/time>\n\t\t\t\t\t\t<\/div>\n\t\t\t\t\t\t\t<div class='uagb-post__text uagb-post__excerpt'>\n\t\t\t\t\t<p>h 19 Presentazione di Cadono tutti i re del mondo Cadono tutti i re del&#8230;\t\t\t\t<\/div>\n\t\t\t\t\t\t<div class=\"uagb-post__text uagb-post__cta wp-block-button\">\n\t\t\t\t<a class=\"wp-block-button__link uagb-text-link\" style=\"\" href=\"https:\/\/csaexemerson.org\/index.php\/2023\/01\/10\/sab-14-gen-cadono-tutti-i-re-del-mondo-night\/\" target=\"_self\" rel=\"bookmark noopener noreferrer\">DETTAGLI<\/a>\n\t\t\t<\/div>\n\t\t\t\n\t\t\t\t\t\t\t\t\t<\/article>\n\t\t\t\t\t\t\t\t\t\t\t\t\t\t\t\t<article class=\"uagb-post__inner-wrap\">\t\t\t\t\t\t\t\t<div class='uagb-post__image'>\n\t\t\t\t\t\t\t\t\t<a href=\"https:\/\/csaexemerson.org\/index.php\/2022\/12\/19\/presentazione-del-libro-partigiani-doltremare\/\" target=\"_self\" rel=\"bookmark noopener noreferrer\" class='uagb-image-ratio-inherit'><img loading=\"lazy\" decoding=\"async\" width=\"300\" height=\"421\" src=\"https:\/\/csaexemerson.org\/wp-content\/uploads\/2022\/12\/caee398517e220b2ea916c6ef8d7e65a.jpg\" class=\"attachment-full size-full\" alt=\"\" srcset=\"https:\/\/csaexemerson.org\/wp-content\/uploads\/2022\/12\/caee398517e220b2ea916c6ef8d7e65a.jpg 300w, https:\/\/csaexemerson.org\/wp-content\/uploads\/2022\/12\/caee398517e220b2ea916c6ef8d7e65a-214x300.jpg 214w\" sizes=\"auto, (max-width: 300px) 100vw, 300px\" \/>\t\t\t\t\t<\/a>\n\t\t\t\t\t\t\t<\/div>\n\t\t\t\t\t\t<h4 class=\"uagb-post__title uagb-post__text\">\n\t\t\t\t<a href=\"https:\/\/csaexemerson.org\/index.php\/2022\/12\/19\/presentazione-del-libro-partigiani-doltremare\/\" target=\"_self\" rel=\"bookmark noopener noreferrer\">dom 08\/01 h 15.00: Presentazione del libro &#8220;Partigiani d&#8217;oltremare&#8221; .<\/a>\n\t\t\t<\/h4>\n\t\t\t\t\t\t<div class='uagb-post__text uagb-post-grid-byline'>\n\t\t\t\t\t\t\t\t<time datetime=\"2022-12-19T20:00:00+01:00\" class=\"uagb-post__date\">\n\t\t\t\t<span class=\"dashicons-calendar dashicons\"><\/span>\t\t\t\t\tDicembre 19, 2022\t\t\t\t<\/time>\n\t\t\t\t\t\t<\/div>\n\t\t\t\t\t\t\t<div class='uagb-post__text uagb-post__excerpt'>\n\t\t\t\t\t<p>Presentazione libro &#8220;Partigiani d&#8217;oltremare&#8221; &#8211; presentato dall&#8217;autore Matteo Petracci con la partecipazione di Antar Marincola&#8230;\t\t\t\t<\/div>\n\t\t\t\t\t\t<div class=\"uagb-post__text uagb-post__cta wp-block-button\">\n\t\t\t\t<a class=\"wp-block-button__link uagb-text-link\" style=\"\" href=\"https:\/\/csaexemerson.org\/index.php\/2022\/12\/19\/presentazione-del-libro-partigiani-doltremare\/\" target=\"_self\" rel=\"bookmark noopener noreferrer\">DETTAGLI<\/a>\n\t\t\t<\/div>\n\t\t\t\n\t\t\t\t\t\t\t\t\t<\/article>\n\t\t\t\t\t\t\t\t\t\t\t\t\t\t\t\t<article class=\"uagb-post__inner-wrap\">\t\t\t\t\t\t\t\t<div class='uagb-post__image'>\n\t\t\t\t\t\t\t\t\t<a href=\"https:\/\/csaexemerson.org\/index.php\/2022\/11\/24\/sab-26-11-presentazione-di-la-cattiva-strada-concerto\/\" target=\"_self\" rel=\"bookmark noopener noreferrer\" class='uagb-image-ratio-inherit'><img loading=\"lazy\" decoding=\"async\" width=\"656\" height=\"850\" src=\"https:\/\/csaexemerson.org\/wp-content\/uploads\/2022\/11\/83d78cdfdea9bb2e081da25763ce2260.jpg\" class=\"attachment-full size-full\" alt=\"\" srcset=\"https:\/\/csaexemerson.org\/wp-content\/uploads\/2022\/11\/83d78cdfdea9bb2e081da25763ce2260.jpg 656w, https:\/\/csaexemerson.org\/wp-content\/uploads\/2022\/11\/83d78cdfdea9bb2e081da25763ce2260-232x300.jpg 232w\" sizes=\"auto, (max-width: 656px) 100vw, 656px\" \/>\t\t\t\t\t<\/a>\n\t\t\t\t\t\t\t<\/div>\n\t\t\t\t\t\t<h4 class=\"uagb-post__title uagb-post__text\">\n\t\t\t\t<a href=\"https:\/\/csaexemerson.org\/index.php\/2022\/11\/24\/sab-26-11-presentazione-di-la-cattiva-strada-concerto\/\" target=\"_self\" rel=\"bookmark noopener noreferrer\">sab 26\/11 &#8211; presentazione di &#8220;la cattiva strada&#8221; + concerto<\/a>\n\t\t\t<\/h4>\n\t\t\t\t\t\t<div class='uagb-post__text uagb-post-grid-byline'>\n\t\t\t\t\t\t\t\t<time datetime=\"2022-11-24T12:18:29+01:00\" class=\"uagb-post__date\">\n\t\t\t\t<span class=\"dashicons-calendar dashicons\"><\/span>\t\t\t\t\tNovembre 24, 2022\t\t\t\t<\/time>\n\t\t\t\t\t\t<\/div>\n\t\t\t\t\t\t\t<div class='uagb-post__text uagb-post__excerpt'>\n\t\t\t\t\t<p>Alle 20 Cena Alle 21.30 Presentazione del libro La cattiva strada &#8211; Storia del pensiero&#8230;\t\t\t\t<\/div>\n\t\t\t\t\t\t<div class=\"uagb-post__text uagb-post__cta wp-block-button\">\n\t\t\t\t<a class=\"wp-block-button__link uagb-text-link\" style=\"\" href=\"https:\/\/csaexemerson.org\/index.php\/2022\/11\/24\/sab-26-11-presentazione-di-la-cattiva-strada-concerto\/\" target=\"_self\" rel=\"bookmark noopener noreferrer\">DETTAGLI<\/a>\n\t\t\t<\/div>\n\t\t\t\n\t\t\t\t\t\t\t\t\t<\/article>\n\t\t\t\t\t\t\t\t\t\t\t<\/div>\n\t\t\t","protected":false},"excerpt":{"rendered":"<p>BIBLIOTECA &gt;&gt;&gt; La biblioteca rimarr\u00e0 chiusa fino al 14 settembre compreso. Riaprir\u00e0 il 21 settembre con i soliti orari &lt;&lt;&lt; Come CSA abbiamo un notevole patrimonio librario. Oltre 3000 volumi, tra cui esemplari dei primi del &#8216;900, edizioni di libri rarissimi,&nbsp; volumi con gli autografi degli autori.&nbsp; Le biblioteche come la nostra sono &#8220;riserve contro &hellip;<\/p>\n<p class=\"read-more\"> <a class=\"\" href=\"https:\/\/csaexemerson.org\/index.php\/biblioteca\/\"> <span class=\"screen-reader-text\">Biblioteca<\/span> Leggi altro &raquo;<\/a><\/p>\n","protected":false},"author":1,"featured_media":0,"parent":0,"menu_order":0,"comment_status":"closed","ping_status":"closed","template":"","meta":{"_uag_custom_page_level_css":"","site-sidebar-layout":"default","site-content-layout":"default","ast-global-header-display":"","ast-main-header-display":"","ast-hfb-above-header-display":"","ast-hfb-below-header-display":"","ast-hfb-mobile-header-display":"","site-post-title":"disabled","ast-breadcrumbs-content":"","ast-featured-img":"","footer-sml-layout":"","theme-transparent-header-meta":"default","adv-header-id-meta":"","stick-header-meta":"","header-above-stick-meta":"","header-main-stick-meta":"","header-below-stick-meta":"","footnotes":""},"class_list":["post-153","page","type-page","status-publish","hentry"],"uagb_featured_image_src":{"full":false,"thumbnail":false,"medium":false,"medium_large":false,"large":false,"1536x1536":false,"2048x2048":false},"uagb_author_info":{"display_name":"next","author_link":"https:\/\/csaexemerson.org\/index.php\/author\/next\/"},"uagb_comment_info":0,"uagb_excerpt":"BIBLIOTECA &gt;&gt;&gt; La biblioteca rimarr\u00e0 chiusa fino al 14 settembre compreso. Riaprir\u00e0 il 21 settembre con i soliti orari &lt;&lt;&lt; Come CSA abbiamo un notevole patrimonio librario. Oltre 3000 volumi, tra cui esemplari dei primi del &#8216;900, edizioni di libri rarissimi,&nbsp; volumi con gli autografi degli autori.&nbsp; Le biblioteche come la nostra sono &#8220;riserve contro&hellip;","_links":{"self":[{"href":"https:\/\/csaexemerson.org\/index.php\/wp-json\/wp\/v2\/pages\/153","targetHints":{"allow":["GET"]}}],"collection":[{"href":"https:\/\/csaexemerson.org\/index.php\/wp-json\/wp\/v2\/pages"}],"about":[{"href":"https:\/\/csaexemerson.org\/index.php\/wp-json\/wp\/v2\/types\/page"}],"author":[{"embeddable":true,"href":"https:\/\/csaexemerson.org\/index.php\/wp-json\/wp\/v2\/users\/1"}],"replies":[{"embeddable":true,"href":"https:\/\/csaexemerson.org\/index.php\/wp-json\/wp\/v2\/comments?post=153"}],"version-history":[{"count":7,"href":"https:\/\/csaexemerson.org\/index.php\/wp-json\/wp\/v2\/pages\/153\/revisions"}],"predecessor-version":[{"id":5010,"href":"https:\/\/csaexemerson.org\/index.php\/wp-json\/wp\/v2\/pages\/153\/revisions\/5010"}],"wp:attachment":[{"href":"https:\/\/csaexemerson.org\/index.php\/wp-json\/wp\/v2\/media?parent=153"}],"curies":[{"name":"wp","href":"https:\/\/api.w.org\/{rel}","templated":true}]}}