{"id":17,"date":"2014-03-17T10:34:04","date_gmt":"2014-03-17T09:34:04","guid":{"rendered":"http:\/\/www.csaexemerson.it\/next\/?page_id=17"},"modified":"2023-03-20T22:03:07","modified_gmt":"2023-03-20T21:03:07","slug":"chi","status":"publish","type":"page","link":"https:\/\/csaexemerson.org\/index.php\/chi\/","title":{"rendered":"Chi"},"content":{"rendered":"\n<section class=\"wp-block-uagb-section uagb-section__wrap uagb-section__background-none uagb-block-3c757c2a\"><div class=\"uagb-section__overlay\"><\/div><div class=\"uagb-section__inner-wrap\">\n<div class=\"wp-block-uagb-advanced-heading uagb-block-e88d0e72\"><h1 class=\"uagb-heading-text\">Chi siamo<\/h1><\/div>\n\n\n\n<div class=\"wp-block-buttons is-content-justification-left is-layout-flex wp-container-core-buttons-is-layout-fc4fd283 wp-block-buttons-is-layout-flex\">\n<div class=\"wp-block-button\"><a class=\"wp-block-button__link has-ast-global-color-8-color has-text-color has-background wp-element-button\" href=\"https:\/\/csaexemerson.org\/index.php\/archivi\/\" style=\"background-color:#fae705\" target=\"_blank\" rel=\"noreferrer noopener\">Archivi<br>(mobilitazioni e serate)<\/a><\/div>\n\n\n\n<div class=\"wp-block-button\"><a class=\"wp-block-button__link has-ast-global-color-8-color has-text-color has-background wp-element-button\" href=\"https:\/\/csaexemerson.org\/index.php\/impronte\/\" style=\"background-color:#fae705\" target=\"_blank\" rel=\"noreferrer noopener\">Impronte<br>(chi \u00e8 passato di qua)<\/a><\/div>\n\n\n\n<div class=\"wp-block-button is-style-fill\"><a class=\"wp-block-button__link has-ast-global-color-8-color has-text-color has-background wp-element-button\" href=\"https:\/\/csaexemerson.org\/index.php\/video\/\" style=\"background-color:#fae705\">Video<br>(Produzioni e live)<\/a><\/div>\n\n\n\n<div class=\"wp-block-button is-style-fill\"><a class=\"wp-block-button__link has-ast-global-color-8-color has-text-color has-background wp-element-button\" href=\"https:\/\/csaexemerson.org\/index.php\/contatti\/\" style=\"background-color:#fae705\" target=\"_blank\" rel=\"noreferrer noopener\">Come <br>contattarci<\/a><\/div>\n<\/div>\n\n\n\n<p class=\"has-text-align-left\"><br>Il Centro Sociale Autogestito Next-Emerson si trova nel popolare quartiere di Castello nella periferia nord di Firenze. E\u2019 situato su un\u2019area di circa 8000 mq costituita da spazi all\u2019aperto e per la maggior parte da tre blocchi di capannoni industriali precedentemente sede di attivit\u00e0 meccaniche.<br>Il Centro Sociale \u00e8 attivo dal 1989 (col nome di Ex-Emerson) \u00e8 ha subito nel corso della sua storia ultratrentennale due tentativi di sgombero respinti e tre sgomberi a cui \u00e8 stato risposto con immediate occupazioni. L\u2019ultima \u00e8 del settembre 2006 quando, appunto, fu occupata l\u2019area dove si trova attualmente.<br>La situazione della propriet\u00e0 \u00e8 un po\u2019 particolare: formalmente l\u2019area \u00e8 di propriet\u00e0 di Unica, una cooperativa edilizia che era nota in citt\u00e0 per le sue speculazioni e che alcuni anni fa ha dichiarato fallimento per una concausa di motivi fra cui anche una truffa ai danni dei soci stessi. Di fatto la situazione \u00e8 in stato di curatela fallimentare e l\u2019area rischia di essere messa in vendita (cos\u00ec come altri immobili di propriet\u00e0 di Unica). La grandezza dell\u2019area e la particolare posizione a ridosso della collina fiorentina e del Parco delle Ville Medicee (patrimonio Unesco) fanno del luogo una possibile speculazione edilizia.<br>D\u2019altro canto il CSA ha sempre avuto nel suo percorso la battaglia contro la cementificazione, la speculazione edilizia e per un utilizzo pubblico delle aree verdi e dismesse come uno dei suoi punti pi\u00f9 qualificanti e cos\u00ec le iniziative contro lo sgombero vanno di pari passo con quello che \u00e8 sempre stato l\u2019intervento del Centro Sociale nel quartiere e in citt\u00e0. <br>Tutte le iniziative e le attivit\u00e0 del Next-Emerson sono autorganizzate dal basso, senza scopo di lucro e portano avanti i valori dell\u2019antifascismo, dell\u2019antirazzismo e dell\u2019antisessismo.<br>Tra le attivit\u00e0 di pi\u00f9 lunga data ci sono: la palestra popolare, lo skatepark, TangoSognato, la biblioteca e distribuzione libri, l\u2019hacklab, lo spazio cinema Kin8 e il NEMA (Next-Emerson Museo Autogestito).<br>Molte altre hanno carattere di stagionalit\u00e0 e\/o tempi pi\u00f9 o meno lunghi a seconda della necessit\u00e0 e dei bisogni materiali e rispetto ad una progettualit\u00e0 continua degli spazi.<br>Sono presenti anche tre spazi per concerti, rappresentazioni, assemblee o comunque per iniziative di carattere autogestito e una mensa.<\/p>\n\n\n\n<div class=\"wp-block-uagb-advanced-heading uagb-block-87b7f2b0\"><h2 class=\"uagb-heading-text\"><a href=\"https:\/\/csaexemerson.org\/index.php\/contatti\/\" data-type=\"page\" data-id=\"45\"><strong>Come contattarci<\/strong><\/a><\/h2><\/div>\n<\/div><\/section>\n","protected":false},"excerpt":{"rendered":"","protected":false},"author":1,"featured_media":0,"parent":0,"menu_order":0,"comment_status":"closed","ping_status":"closed","template":"","meta":{"_uag_custom_page_level_css":"","site-sidebar-layout":"default","site-content-layout":"plain-container","ast-global-header-display":"","ast-main-header-display":"","ast-hfb-above-header-display":"","ast-hfb-below-header-display":"","ast-hfb-mobile-header-display":"","site-post-title":"disabled","ast-breadcrumbs-content":"","ast-featured-img":"","footer-sml-layout":"","theme-transparent-header-meta":"default","adv-header-id-meta":"","stick-header-meta":"","header-above-stick-meta":"","header-main-stick-meta":"","header-below-stick-meta":"","footnotes":""},"class_list":["post-17","page","type-page","status-publish","hentry"],"uagb_featured_image_src":{"full":false,"thumbnail":false,"medium":false,"medium_large":false,"large":false,"1536x1536":false,"2048x2048":false},"uagb_author_info":{"display_name":"next","author_link":"https:\/\/csaexemerson.org\/index.php\/author\/next\/"},"uagb_comment_info":1,"uagb_excerpt":null,"_links":{"self":[{"href":"https:\/\/csaexemerson.org\/index.php\/wp-json\/wp\/v2\/pages\/17","targetHints":{"allow":["GET"]}}],"collection":[{"href":"https:\/\/csaexemerson.org\/index.php\/wp-json\/wp\/v2\/pages"}],"about":[{"href":"https:\/\/csaexemerson.org\/index.php\/wp-json\/wp\/v2\/types\/page"}],"author":[{"embeddable":true,"href":"https:\/\/csaexemerson.org\/index.php\/wp-json\/wp\/v2\/users\/1"}],"replies":[{"embeddable":true,"href":"https:\/\/csaexemerson.org\/index.php\/wp-json\/wp\/v2\/comments?post=17"}],"version-history":[{"count":5,"href":"https:\/\/csaexemerson.org\/index.php\/wp-json\/wp\/v2\/pages\/17\/revisions"}],"predecessor-version":[{"id":4475,"href":"https:\/\/csaexemerson.org\/index.php\/wp-json\/wp\/v2\/pages\/17\/revisions\/4475"}],"wp:attachment":[{"href":"https:\/\/csaexemerson.org\/index.php\/wp-json\/wp\/v2\/media?parent=17"}],"curies":[{"name":"wp","href":"https:\/\/api.w.org\/{rel}","templated":true}]}}